*r + 175 = r. Let f = 8 - 3. What is the greatest common divisor of r and f?
5
Suppose 2*l + 2 = 0, 5 = -3*o - 5*l + 15. Calculate the greatest common factor of o and 35.
5
Suppose 3*m = -2*m. Suppose 0 = f - m*f - 20. Calculate the greatest common divisor of f and 100.
20
Suppose -126 = 4*i - 6*i. Suppose -5*w - 3 = -i. What is the highest common divisor of 12 and w?
12
Let d be (16/(-12))/(1/3). Let t = d - -12. What is the highest common factor of 8 and t?
8
Let o = 4 - 2. Suppose 13 = 5*v + x - 2*x, 4*v = 5*x + o. Suppose -v*h = 2*t + 3, -3*t = -5*h + 4*h + 10. What is the greatest common divisor of h and 5?
1
Let b be 122/18 + (-6)/(-27). What is the greatest common factor of b and 56?
7
Let h be (-55)/(-77) + (-2)/(-7). What is the greatest common factor of h and 11?
1
Let h be (-21)/7 + 2/(4/18). Calculate the greatest common divisor of 12 and h.
6
Suppose -5*o + 5*i + 40 = -35, -4*o + 58 = -2*i. Calculate the highest common divisor of 14 and o.
14
Let q be (-102)/5*((-70)/5 + 4). Calculate the highest common divisor of q and 17.
17
Let d(q) = -1 - 8*q**2 - 10 + 0*q - q**3 + 2*q. Let b be d(-8). Let r = 57 + b. Calculate the greatest common divisor of r and 75.
15
Let f = -24 + 58. Calculate the highest common divisor of f and 136.
34
Let j = 100 - 45. Let b(k) = -k**3 - k**2 + 44. Let m be b(0). Suppose n - m = -3*n. Calculate the highest common factor of j and n.
11
Let x(y) = -5*y + 2. Suppose -3*m = -3*u - 4 - 5, 2*m - 3*u = 11. Let i be x(m). Let q be 42/i - 2/(-4). What is the highest common divisor of q and 12?
4
Let d(k) = -k**2 + 12*k - 2. Suppose -1 - 3 = -p. Suppose -p = -z + 7. Let f be d(z). Calculate the highest common factor of f and 27.
9
Suppose -4*q - 126 + 462 = 0. What is the highest common divisor of 21 and q?
21
Let o = 21 - 15. Suppose -4*k + 295 = 5*x, -5*k = -3*x - 3*k + 199. Let u be (2/3)/(o/x). What is the greatest common divisor of 1 and u?
1
Suppose -2*o + 5*o - 180 = 2*r, -4*r = -o + 340. Let p = -7 - r. Let b(f) = -3*f + 2. Let m be b(-3). Calculate the greatest common factor of p and m.
11
Let q be 2*-1 - (-12 - 1). What is the greatest common factor of q and 1?
1
Suppose 5*y + 10 = -0. Let m = -2 - y. Let q be (m - -2)*(-13)/(-2). Calculate the highest common divisor of 65 and q.
13
Let s = -116 - -122. What is the greatest common divisor of s and 21?
3
Suppose 30 = 3*o - 0*o. Let f be 23/(-7) + (-2)/(-7). Let d = f + 13. Calculate the greatest common factor of d and o.
10
Suppose 0 = 3*z - z - 108. Calculate the highest common factor of 81 and z.
27
Let n(d) = 1. Let a(w) = 21*w + 2. Let p(o) = -a(o) - n(o). Let l be p(-8). Calculate the greatest common divisor of l and 15.
15
Suppose -59 = -2*q - 5. Suppose 5*b - 8*b = -891. Calculate the greatest common factor of q and b.
27
Let o be ((-15)/5)/((-3)/9). Suppose -2*x = -0*x - 18. What is the highest common factor of x and o?
9
Let r = -78 + -65. Let x = -87 - r. What is the greatest common factor of 7 and x?
7
Suppose 5*v = 3*w - 484, 0 = 4*w + 5*v - 791 + 204. Suppose -2 + 36 = 2*j. What is the greatest common factor of w and j?
17
Let r(s) = s**3 - 2*s**2 - s - 1. Let o be r(4). Suppose -4*f - 18 = -5*q, o = 5*q + 2*f - 9. What is the highest common factor of q and 66?
6
Suppose -k - 17 = -3*u, -3*k - u + 1 = 12. Let s = 13 + k. Calculate the highest common factor of s and 56.
8
Suppose -2*d - 5*v + 150 + 10 = 0, 2*v = -d + 79. What is the greatest common factor of d and 30?
15
Suppose r - 7 = -p, 19 = -5*r - 1. Suppose -3*k + 31 = -p. What is the greatest common factor of 7 and k?
7
Suppose -4*i - 2*f = f - 120, 30 = i + 2*f. Calculate the greatest common factor of 12 and i.
6
Let n = 3 + 0. Suppose -33 = -p + 27. Suppose n*m + 2*t = 2*m + 56, 3*t - p = -m. What is the greatest common factor of 6 and m?
6
Suppose s - 2*q = 9, -4*q = -3*s - 8*q + 77. Suppose s*c - 18*c - 8 = 0. Calculate the greatest common divisor of c and 2.
2
Let u = -16 - -27. Let x(y) = 120*y**2 + 2*y - 1. Let s be x(1). What is the highest common divisor of s and u?
11
Let t(z) = z**3 - 8*z**2 + 9*z - 8. Let l be t(7). Let u be l*-30*1/(-4). Calculate the greatest common divisor of 9 and u.
9
Suppose r - 2*o = 22, 4*r = -4*o - 0*o + 100. Suppose -4*q = 2*q - 72. What is the highest common divisor of q and r?
12
Let y = 7 - -29. Suppose -25 = -4*c - 5*a, 12 = 4*c + 2*a + 2. Suppose 3*t - 1 + 5 = -2*f, -5*t - 20 = c. Calculate the greatest common divisor of f and y.
4
Suppose 4*p = -4*n + 160, 2*p - 24 = -5*n + 41. Let d(j) = -16*j - 1. Let k be d(-1). What is the highest common divisor of p and k?
15
Suppose 5*h - 40 = -2*w + 3*h, -5*w + 60 = -5*h. Let i be 0 - -17 - (1 - 0). Calculate the highest common divisor of i and w.
16
Let k(f) = 4*f - 7. Let d be k(4). What is the highest common divisor of 3 and d?
3
Suppose -60 = -6*z + z. Suppose 4*t + k + 44 = 0, 32 = -2*t - 2*t - 4*k. Let p be 54/t*4/(-6). Calculate the greatest common factor of z and p.
3
Let t(q) = 3*q**2 - q + 20. Let l be t(-14). Let h be (-1)/2 + l/4. Calculate the highest common divisor of h and 31.
31
Let c = -3 + 61. Suppose -2*t - 141 = -5*f, 5*f + 4*t - 171 + 18 = 0. What is the greatest common factor of c and f?
29
Suppose 39 = 2*a - 3*j, -2*j - 101 = -3*a - 6*j. Suppose -3*c + 0*c = -a. What is the greatest common factor of c and 9?
9
Let u = 63 + -90. Let c be (-2)/3 - 45/u. Calculate the greatest common divisor of 5 and c.
1
Suppose -3*y - 2*h = -7*h - 180, -3*h = 5*y - 300. What is the highest common factor of y and 24?
12
Suppose z + 2*z = 21. Let m = z + -3. What is the greatest common factor of m and 4?
4
Let q(t) = 6*t**2 + 1 - 2*t**3 + 2*t**3 - 4*t - t**3. Let d be q(3). Let m(j) = 21*j - 4. Let r be m(4). What is the greatest common divisor of d and r?
16
Let u = 3 - -12. Suppose -5*v + 17 = 2*c, 22 = 4*c - 5*v + 3. Suppose r - 6 = -2*r + s, 3*s + c = 5*r. What is the greatest common divisor of u and r?
3
Let h = -10 - -12. Suppose -180 = -h*u + u. What is the highest common divisor of u and 20?
20
Let v(r) = -r**2 - 18*r. Let y be v(-16). Calculate the highest common divisor of y and 16.
16
Let v = 13 - -4. What is the highest common factor of v and 85?
17
Suppose 4*q + 0*i + 3*i = 527, 4*q = 4*i + 548. Let h be (-566)/6 + (-1)/(-3). Let o = h + q. What is the greatest common divisor of o and 10?
10
Let g(f) = f + 93. Let b be g(0). Suppose -b = -2*r - n, -4*r + n + 87 = -2*r. Calculate the highest common factor of 5 and r.
5
Let f = -122 + 190. Suppose 0 = 2*s - 32 - f. What is the highest common divisor of s and 20?
10
Suppose -12*i - 110 = -2*s - 14*i, 0 = -4*s - 5*i + 219. What is the highest common divisor of 7 and s?
7
Let k be 13 - (1 + 0)*-3. Calculate the greatest common factor of k and 80.
16
Let s = 7 - 5. Let d(y) = 7*y**2 - y + 5. Let l(f) = f**2 + 1. Let u(k) = d(k) - 6*l(k). Let t be u(-1). What is the highest common divisor of t and s?
1
Let k(n) = -n**3 + 16*n**2 + n - 14. Let p be k(16). Calculate the highest common factor of 3 and p.
1
Suppose -4*d + 3*k + 11 = -25, k + 56 = 5*d. Calculate the highest common factor of d and 84.
12
Let c be (170 - -7) + 4/(-2). What is the highest common factor of c and 25?
25
Suppose 3*k + 4*w = 2970, -2*w + w = 0. Suppose -2*o + 7*o - k = 0. Calculate the greatest common factor of o and 18.
18
Let r(i) = i**3 - 8*i**2 + 6*i + 8. Let a be r(7). Calculate the highest common factor of 1 and a.
1
Let j(q) = q**3 - 3*q**2 + q + 42. Let g be j(0). What is the greatest common factor of 28 and g?
14
Let q(h) = 3 + 5 + 5*h - 5. Let i be 38/8 + 1/4. Let b be q(i). Calculate the highest common divisor of b and 7.
7
Suppose -6*i = -5*i - 275. Calculate the greatest common divisor of i and 25.
25
Suppose 40 = 8*b - 272. What is the highest common divisor of 39 and b?
39
Let u(v) = v**2 + 8*v + 5. Let s be u(-5). Let p be (12/(-15))/(2/s). What is the greatest common divisor of 16 and p?
4
Let r(o) = -o**3 + 13*o**2 - 16*o + 3. Let j be r(10). Calculate the highest common divisor of 13 and j.
13
Let f(d) = -d**3 - 11*d**2 - 11*d - 5. Let v be f(-10). Suppose 0*g - v*g = -220. Let o = g + -30. Calculate the greatest common divisor of 28 and o.
14
Suppose -g = -r - 0*g + 22, 0 = -3*r + 4*g + 62. Suppose 13 + 2 = 5*u. Suppose -141 = -u*m + 54. Calculat